{"id":68,"date":"2023-04-15T10:04:06","date_gmt":"2023-04-15T13:04:06","guid":{"rendered":"https:\/\/carlosesantosadvogados.com.br\/?page_id=68"},"modified":"2023-04-15T12:06:13","modified_gmt":"2023-04-15T15:06:13","slug":"auxilio-acidente","status":"publish","type":"page","link":"https:\/\/carlosesantosadvogados.com.br\/index.php\/auxilio-acidente\/","title":{"rendered":"Aux\u00edlio acidente"},"content":{"rendered":"\t\t<div data-elementor-type=\"wp-page\" data-elementor-id=\"68\" class=\"elementor elementor-68\">\n\t\t\t\t\t\t\t<div class=\"elementor-element elementor-element-569ddc6 e-con-boxed e-flex e-con\" data-id=\"569ddc6\" data-element_type=\"container\" data-settings=\"{&quot;content_width&quot;:&quot;boxed&quot;}\">\n\t\t\t\t\t<div class=\"e-con-inner\">\n\t\t\t\t<div class=\"elementor-element elementor-element-f0c4ba9 elementor-widget elementor-widget-image\" data-id=\"f0c4ba9\" data-element_type=\"widget\" data-widget_type=\"image.default\">\n\t\t\t\t<div class=\"elementor-widget-container\">\n\t\t\t<style>\/*! elementor - v3.13.3 - 28-05-2023 *\/\n.elementor-widget-image{text-align:center}.elementor-widget-image a{display:inline-block}.elementor-widget-image a img[src$=\".svg\"]{width:48px}.elementor-widget-image img{vertical-align:middle;display:inline-block}<\/style>\t\t\t\t\t\t\t\t\t\t\t\t<img loading=\"lazy\" decoding=\"async\" width=\"334\" height=\"228\" src=\"https:\/\/carlosesantosadvogados.com.br\/wp-content\/uploads\/2023\/04\/aux-acidente.png\" class=\"attachment-large size-large wp-image-89\" alt=\"\" srcset=\"https:\/\/carlosesantosadvogados.com.br\/wp-content\/uploads\/2023\/04\/aux-acidente.png 334w, https:\/\/carlosesantosadvogados.com.br\/wp-content\/uploads\/2023\/04\/aux-acidente-300x205.png 300w\" sizes=\"(max-width: 334px) 100vw, 334px\" \/>\t\t\t\t\t\t\t\t\t\t\t\t\t\t\t<\/div>\n\t\t\t\t<\/div>\n\t\t\t\t<div class=\"elementor-element elementor-element-e84e186 elementor-widget elementor-widget-text-editor\" data-id=\"e84e186\" data-element_type=\"widget\" data-widget_type=\"text-editor.default\">\n\t\t\t\t<div class=\"elementor-widget-container\">\n\t\t\t<style>\/*! elementor - v3.13.3 - 28-05-2023 *\/\n.elementor-widget-text-editor.elementor-drop-cap-view-stacked .elementor-drop-cap{background-color:#69727d;color:#fff}.elementor-widget-text-editor.elementor-drop-cap-view-framed .elementor-drop-cap{color:#69727d;border:3px solid;background-color:transparent}.elementor-widget-text-editor:not(.elementor-drop-cap-view-default) .elementor-drop-cap{margin-top:8px}.elementor-widget-text-editor:not(.elementor-drop-cap-view-default) .elementor-drop-cap-letter{width:1em;height:1em}.elementor-widget-text-editor .elementor-drop-cap{float:left;text-align:center;line-height:1;font-size:50px}.elementor-widget-text-editor .elementor-drop-cap-letter{display:inline-block}<\/style>\t\t\t\t<div id=\"attachment_2991\" class=\"wp-caption alignnone\"><h2 id=\"caption-attachment-2991\" class=\"wp-caption-text\">Aux\u00edlio-Acidente<\/h2><\/div><p>O\u00a0<em><strong>aux\u00edlio-acidente<\/strong><\/em>\u00a0\u00e9 um\u00a0<a href=\"https:\/\/www.youtube.com\/watch?v=T1HSZI09-iY\">benef\u00edcio previdenci\u00e1rio<\/a>\u00a0com renda mensal que serve de indeniza\u00e7\u00e3o para aqueles que tenham sofrido acidente e que, por isso, tenham ficado permanentemente incapacitados para o trabalho.<\/p><p>O benef\u00edcio \u00e9 oferecido para o segurado do INSS ap\u00f3s uma per\u00edcia m\u00e9dica realizada pelo pr\u00f3prio INSS, que constate a exist\u00eancia de sequela permanente que dificulte seu trabalho.<\/p><p>No dia da per\u00edcia, a pessoa deve levar os documentos m\u00e9dicos\u00a0sobre o acidente que sofreu e os tratamentos que foram realizados, como exames, atestados e relat\u00f3rios, por exemplo.<\/p><p>Requisitos necess\u00e1rios para a solicita\u00e7\u00e3o do aux\u00edlio-acidente<\/p><ul><li>Ter sofrido qualquer tipo de acidente n\u00e3o relacionado ao trabalho;<\/li><li>Ter sofrido redu\u00e7\u00e3o parcial ou total da capacidade de exercer suas atividades trabalhistas;<\/li><li>Ser segurado do INSS na \u00e9poca do acidente;<\/li><li>Ser filiado na \u00e9poca em que se acidentar;<\/li><li>Se encaixar em algum dos perfis abaixo:<ul><li>Empregado urbano ou rural (empresa)<\/li><li>Empregado dom\u00e9stico (no caso de acidentes ocorridos a partir do dia 01 de junho de 2015)<\/li><li>Trabalhador avulso (empresa)<\/li><li>Segurado especial (trabalhador rural)<\/li><\/ul><\/li><li>O benef\u00edcio n\u00e3o \u00e9 oferecido para o Contribuinte Individual e nem para o Contribuinte Facultativo.<\/li><\/ul><h3>C\u00e1lculo do valor a ser recebido<\/h3><p>O valor do benef\u00edcio a ser recebido varia de acordo com os v\u00ednculos e remunera\u00e7\u00f5es de cada trabalhador para a Previd\u00eancia Social e a forma de calcular \u00e9 baseada nos artigos 29 e 86 da Lei 8.213\/91 e tem o valor de 50% do sal\u00e1rio de benef\u00edcio.<\/p><p>Sabendo-se disso, a primeira etapa \u00e9 calcular o \u201cSal\u00e1rio de Benef\u00edcio\u201d, que \u00e9 o primeiro c\u00e1lculo realizado pelo sistema antes de aplicar as outras regras que resultar\u00e3o no valor da \u201cRenda Mensal Inicial\u201d (RMI), que ser\u00e1 pago todo m\u00eas para a pessoa que solicitou o\u00a0<em><strong>aux\u00edlio-acidente<\/strong><\/em>.<\/p><p>O sistema verificar\u00e1 qual o n\u00famero de meses que a pessoa contribuiu. A partir disso, ele efetuar\u00e1 a soma das contribui\u00e7\u00f5es, ou seja, de todos os recolhimentos efetuados a partir de 01\/07\/1994.<\/p><p>Ap\u00f3s esse c\u00e1lculo ser realizado, os sistemas do INSS realizam o c\u00e1lculo da RMI para chegarem ao valor final que dever\u00e1 ser pago mensalmente ao cidad\u00e3o. Assim sendo, as pessoas que solicitaram o aux\u00edlio-acidente recebem cinquenta por cento do valor obtido no c\u00e1lculo da primeira etapa, ou seja, recebem 50% do valor do \u201cSal\u00e1rio de Benef\u00edcio\u201d.<\/p><p>O benef\u00edcio previdenci\u00e1rio indenizat\u00f3rio pode ser solicitado no dia seguinte ao que se encerra o\u00a0<em><strong>aux\u00edlio-doen\u00e7a<\/strong><\/em>\u00a0ou no dia que a pessoa der entrada ao aux\u00edlio-acidente, desde que n\u00e3o tenha sido beneficiada, anteriormente, com o aux\u00edlio-doen\u00e7a.<\/p><p>Por se tratar de uma indeniza\u00e7\u00e3o, a pessoa n\u00e3o est\u00e1 impedida de trabalhar e o benef\u00edcio \u00e9 v\u00e1lido at\u00e9 o indiv\u00edduo se aposentar ou solicitar a Certid\u00e3o de Tempo de Contribui\u00e7\u00e3o (CTC) para Regime Pr\u00f3prio de Previd\u00eancia Social (RPPS) ou quando vier a \u00f3bito.<\/p>\t\t\t\t\t\t<\/div>\n\t\t\t\t<\/div>\n\t\t\t\t\t<\/div>\n\t\t\t\t<\/div>\n\t\t\t\t\t\t\t<\/div>\n\t\t","protected":false},"excerpt":{"rendered":"<p>Aux\u00edlio-Acidente O\u00a0aux\u00edlio-acidente\u00a0\u00e9 um\u00a0benef\u00edcio previdenci\u00e1rio\u00a0com renda mensal que serve de indeniza\u00e7\u00e3o para aqueles que tenham sofrido acidente e que, por isso, tenham ficado permanentemente incapacitados para o trabalho. O benef\u00edcio \u00e9 oferecido para o segurado do INSS ap\u00f3s uma per\u00edcia m\u00e9dica realizada pelo pr\u00f3prio INSS, que constate a exist\u00eancia de sequela permanente que dificulte seu trabalho. [&hellip;]<\/p>\n","protected":false},"author":1,"featured_media":0,"parent":0,"menu_order":0,"comment_status":"closed","ping_status":"closed","template":"elementor_header_footer","meta":{"footnotes":""},"class_list":["post-68","page","type-page","status-publish","hentry"],"_links":{"self":[{"href":"https:\/\/carlosesantosadvogados.com.br\/index.php\/wp-json\/wp\/v2\/pages\/68"}],"collection":[{"href":"https:\/\/carlosesantosadvogados.com.br\/index.php\/wp-json\/wp\/v2\/pages"}],"about":[{"href":"https:\/\/carlosesantosadvogados.com.br\/index.php\/wp-json\/wp\/v2\/types\/page"}],"author":[{"embeddable":true,"href":"https:\/\/carlosesantosadvogados.com.br\/index.php\/wp-json\/wp\/v2\/users\/1"}],"replies":[{"embeddable":true,"href":"https:\/\/carlosesantosadvogados.com.br\/index.php\/wp-json\/wp\/v2\/comments?post=68"}],"version-history":[{"count":10,"href":"https:\/\/carlosesantosadvogados.com.br\/index.php\/wp-json\/wp\/v2\/pages\/68\/revisions"}],"predecessor-version":[{"id":240,"href":"https:\/\/carlosesantosadvogados.com.br\/index.php\/wp-json\/wp\/v2\/pages\/68\/revisions\/240"}],"wp:attachment":[{"href":"https:\/\/carlosesantosadvogados.com.br\/index.php\/wp-json\/wp\/v2\/media?parent=68"}],"curies":[{"name":"wp","href":"https:\/\/api.w.org\/{rel}","templated":true}]}}